site number?
False
Is 69887 a composite number?
True
Is 14699 a composite number?
False
Is 74674 a composite number?
True
Is 5069 a composite number?
True
Is 38989 a prime number?
False
Is 32255 a composite number?
True
Is 3376501 a composite number?
False
Is 322169 a composite number?
False
Is 90227 a composite number?
False
Is 6805 prime?
False
Is 356363 composite?
True
Is 7883 composite?
False
Is 7739 prime?
False
Is 14221 a prime number?
True
Is 493351 a prime number?
True
Is 3151 a prime number?
False
Is 6521 composite?
False
Is 58051 a composite number?
True
Is 63377 a composite number?
False
Is 269 a composite number?
False
Is 66083 composite?
False
Is 133489 a composite number?
True
Is 606867 a prime number?
False
Is 48157 a composite number?
False
Is 24946 a prime number?
False
Is 16057 a prime number?
True
Is 12349 a composite number?
True
Is 2579 a composite number?
False
Is 50317 a prime number?
False
Is 77329 prime?
False
Is 192991 composite?
False
Is 1099669 composite?
False
Is 6737 a prime number?
True
Is 65743 a composite number?
True
Is 948007 a composite number?
False
Is 262507 a prime number?
False
Is 403 composite?
True
Is 723601 prime?
True
Is 79671 a composite number?
True
Is 25873 composite?
False
Is 15891 composite?
True
Is 6761 composite?
False
Is 5177239 composite?
False
Is 15101 composite?
False
Is 61133 prime?
False
Is 512269 prime?
True
Is 108991 prime?
True
Is 119386 prime?
False
Is 267838 a composite number?
True
Is 1807607 composite?
False
Is 288157 a composite number?
True
Is 1255 a composite number?
True
Is 70613 a composite number?
True
Is 4711 a composite number?
True
Is 18835 a composite number?
True
Is 14995 prime?
False
Is 97547 composite?
False
Is 174927 a prime number?
False
Is 75931 a prime number?
True
Is 7151 composite?
False
Is 387403 prime?
True
Is 1053293 a prime number?
True
Is 259907 prime?
True
Is 3602 a composite number?
True
Is 1943 a prime number?
False
Is 4258 composite?
True
Is 265807 composite?
False
Is 163871 prime?
True
Is 12233 a prime number?
False
Is 106138 composite?
True
Is 69613 composite?
True
Is 372871 a composite number?
False
Is 7993 a prime number?
True
Is 39191 a prime number?
True
Is 1285441 prime?
True
Is 21959 a prime number?
False
Is 1418159 a prime number?
True
Is 25741 prime?
True
Is 125371 a prime number?
True
Is 1109 a prime number?
True
Is 75039 composite?
True
Is 23477 a prime number?
False
Is 2733322 a prime number?
False
Is 11359 a prime number?
False
Is 78521 a prime number?
False
Is 16979 composite?
False
Is 17707 composite?
False
Is 3407 prime?
True
Is 203689 a prime number?
False
Is 28157 a prime number?
False
Is 102441 composite?
True
Is 147517 a prime number?
True
Is 392201 a composite number?
False
Is 7439 a composite number?
True
Is 12941 composite?
False
Is 6113 prime?
True
Is 1909651 a prime number?
True
Is 293 prime?
True
Is 3639 a prime number?
False
Is 191861 a prime number?
True
Is 2213 a composite number?
False
Is 3587 a prime number?
False
Is 194657 prime?
False
Is 2070833 a composite number?
False
Is 13577 a composite number?
False
Is 102171 a prime number?
False
Is 1776869 prime?
False
Is 98357 a prime number?
False
Is 407 a prime number?
False
Is 6502 a composite number?
True
Is 76811 a prime number?
False
Is 18695 composite?
True
Is 542855 a composite number?
True
Is 2293 composite?
False
Is 9469 prime?
False
Is 2521 composite?
False
Is 234121 a composite number?
False
Is 1039 composite?
False
Is 586 a composite number?
True
Is 18301 a prime number?
True
Is 9613 prime?
True
Is 11219 composite?
True
Is 12981 a prime number?
False
Is 4183 a composite number?
True
Is 50011 a composite number?
True
Is 1297019 a prime number?
True
Is 25243 a composite number?
False
Is 232003 composite?
False
Is 22757 composite?
True
Is 46385 a prime number?
False
Is 1831 a prime number?
True
Is 534161 composite?
True
Is 24755 composite?
True
Is 35381 a composite number?
False
Is 214913 a prime number?
True
Is 418939 a prime number?
True
Is 63113 prime?
True
Is 5513 composite?
True
Is 2531 prime?
True
Is 377969 a prime number?
False
Is 53563 composite?
True
Is 172541 a composite number?
False
Is 507451 composite?
True
Is 4534 prime?
False
Is 181123 composite?
False
Is 68027 prime?
False
Is 1328693 a composite number?
True
Is 10973 a composite number?
False
Is 13549 composite?
True
Is 1399 prime?
True
Is 202021 prime?
True
Is 25027 prime?
False
Is 31865 prime?
False
Is 45397 a prime number?
False
Is 85471 a prime number?
False
Is 8527763 a composite number?
False
Is 1337753 composite?
False
Is 4327 composite?
False
Is 366409 a prime number?
True
Is 205703 composite?
False
Is 149689 composite?
False
Is 105071 composite?
False
Is 68183 a prime number?
False
Is 26305 a prime number?
False
Is 4813 prime?
True
Is 10643 a composite number?
True
Is 41435 a composite number?
True
Is 954031 a composite number?
True
Is 79017 prime?
False
Is 3907 prime?
True
Is 13841 a composite number?
False
Is 1397 a composite number?
True
Is 96127 prime?
False
Is 479903 composite?
False
Is 14479 prime?
True
Is 1141 prime?
False
Is 66494 prime?
False
Is 3989 a composite number?
False
Is 19167 a composite number?
True
Is 4717 a composite number?
True
Is 11283 composite?
True
Is 33997 a composite number?
False
Is 238529 a prime number?
True
Is 13157 a composite number?
True
Is 269 a composite number?
False
Is 5029 composite?
True
Is 12511 a composite number?
False
Is 877 composite?
False
Is 201913 prime?
False
Is 6261 a composite number?
True
Is 2797 prime?
True
Is 11905 a composite number?
True
Is 3491 composite?
False
Is 1597 a prime number?
True
Is 8057 prime?
False
Is 521 composite?
False
Is 1015199 a prime number?
True
Is 43509 a composite number?
True
Is 355753 composite?
False
Is 219 a prime number?
False
Is 7339 composite?
True
Is 75657 a composite number?
True
Is 5435 composite?
True
Is 1109 composite?
False
Is 256079 composite?
False
Is 1143467 prime?
False
Is 11381 a prime number?
False
Is 558631 a prime number?
False
Is 2999 prime?
True
Is 25765 a composite number?
True
Is 28421 composite?
True
Is 112997 a prime number?
True
Is 52489 a composite number?
False
Is 119463 prime?
False
Is 12683 prime?
False
Is 1931 composite?
False
Is 192677 a prime number?
True
Is 39553 a prime number?
False
Is 315443 prime?
False
Is 112459 a composite number?
False
Is 4703 a composite number?
False
Is 71119 composite?
False
Is 60859 prime?
True
Is 1198373 a composite number?
True
Is 68099 a prime number?
True
Is 1956839 a prime number?
True
Is 1374727 prime?
False
Is 10133 a prime number?
True
Is 85607 a composite number?
False
Is 2798 a prime number?
False
Is 2773571 composite?
True
Is 499978 a composite number?
True
Is 301811 a composite number?
True
Is 265957 prime?
True
Is 21026 composite?
True
Is 665599 composite?
True
Is 13253 a composite number?
True
Is 582587 a composite number?
False
Is 58523 composite?
True
Is 220769 composite?
True
Is 225479 a composite number?
False
Is 939197 composite?
True
Is 30293 a composite number?
False
Is 99073 prime?
False
Is 273871 composite?
True
Is 9127 a composite number?
False
Is 14437 composite?
False
Is 395633 composite?
True
Is 2734913 prime?
False
Is 7717 composite?
False
Is 194309 a composite number?
False
Is 142993 a prime number?
True
Is 10279 a prime number?
False
Is 123911 a prime number?
True
Is 22531 a composite number?
False
Is 17899 a composite number?
True
Is 12457 a prime number?
True
Is 280499 composite?
False
Is 3442253 prime?
False
Is 153031 composite?
True
Is 44637 composite?
True
Is 307729 composite?
True
Is 3647 prime?
False
Is 502591 composite?
False
Is 79069 prime?
False
Is 2749 a composite number?
False
Is 682991 a prime number?
False
Is 1381 a composite number?
False
Is 25778 a composite number?
True
Is 123169 a prime number?
True
Is 243517 composite?
False
Is 2288281 a prime number?
True
Is 4385 composite?
True
Is 1000133 a composite number?
False
Is 40191 composite?
True
Is 576907 a prime number?
False
Is 5758 a prime number?
False
Is 46169 a prime number?
False
Is 22249 composite?
True
Is 4493 prime?
True
Is 452471 a prime number?
False
Is 31271 a prime number?
True
Is 10639 prime?
True
Is 277682 a prime number?
False
Is 565769